{"id":3027,"date":"2015-01-19T19:31:19","date_gmt":"2015-01-19T16:31:19","guid":{"rendered":"https:\/\/www.ilkercanikligil.com\/?page_id=3027"},"modified":"2018-05-21T13:03:34","modified_gmt":"2018-05-21T10:03:34","slug":"yazi-ve-roportajlar","status":"publish","type":"page","link":"https:\/\/ilkercanikligil.me\/index.php\/yazi-ve-roportajlar\/","title":{"rendered":"Yaz\u0131 ve R\u00f6portajlar"},"content":{"rendered":"<p>&nbsp;<\/p>\n<p><a href=\"http:\/\/ilhamverenler.com\/ilker-canikligil-filmci-fotografci\/\">Ilham Verenler Roportaji<\/a><\/p>\n<p><a href=\"https:\/\/www.youtube.com\/watch?v=Ojaasrf7sCc\">Eksisozluk Roportaji (Video)<\/a><\/p>\n<p><a href=\"https:\/\/www.youtube.com\/watch?v=qb8YJOWhCYQ\">Haberturk Roportaji (Video)<\/a><\/p>\n<p><a href=\"http:\/\/wp.me\/P5G1wx-OX\">SOL Dergisinde Birdman ile ilgili\u00c2\u00a0r\u00f6portaj<\/a><\/p>\n<p><a href=\"http:\/\/oldmag.net\/2014\/11\/10\/sendromsuzlar-ilker-canikligil\/\">Oldmagnet R\u00f6portaj\u0131<\/a><\/p>\n<p>Foto\u011frafla ilgili AFSAD&#8217;\u0131n Kontrast adl\u0131 dergisinde \u00e7\u0131kan iki yaz\u0131m:<\/p>\n<p><a href=\"https:\/\/www.ilkercanikligil.com\/wp-content\/uploads\/kontrastocaksubat.gif\"><img loading=\"lazy\" decoding=\"async\" class=\"alignleft size-medium wp-image-2786\" src=\"https:\/\/www.ilkercanikligil.com\/wp-content\/uploads\/kontrastocaksubat-500x347.gif\" alt=\"kontrastocaksubat\" width=\"500\" height=\"347\" \/><\/a><a href=\"https:\/\/www.ilkercanikligil.com\/wp-content\/uploads\/70A2763.jpg\"><img loading=\"lazy\" decoding=\"async\" class=\"alignleft size-medium wp-image-2844\" src=\"https:\/\/www.ilkercanikligil.com\/wp-content\/uploads\/70A2763-500x342.jpg\" alt=\"_70A2763\" width=\"500\" height=\"342\" \/><\/a><\/p>\n","protected":false},"excerpt":{"rendered":"<p>&nbsp; Ilham Verenler Roportaji Eksisozluk Roportaji (Video) Haberturk Roportaji (Video) SOL Dergisinde Birdman ile ilgili\u00c2\u00a0r\u00f6portaj Oldmagnet R\u00f6portaj\u0131 Foto\u011frafla ilgili AFSAD&#8217;\u0131n Kontrast adl\u0131 dergisinde \u00e7\u0131kan iki yaz\u0131m:<\/p>\n","protected":false},"author":5,"featured_media":0,"parent":0,"menu_order":7,"comment_status":"closed","ping_status":"closed","template":"","meta":{"footnotes":""},"class_list":["post-3027","page","type-page","status-publish"],"_links":{"self":[{"href":"https:\/\/ilkercanikligil.me\/index.php\/wp-json\/wp\/v2\/pages\/3027","targetHints":{"allow":["GET"]}}],"collection":[{"href":"https:\/\/ilkercanikligil.me\/index.php\/wp-json\/wp\/v2\/pages"}],"about":[{"href":"https:\/\/ilkercanikligil.me\/index.php\/wp-json\/wp\/v2\/types\/page"}],"author":[{"embeddable":true,"href":"https:\/\/ilkercanikligil.me\/index.php\/wp-json\/wp\/v2\/users\/5"}],"replies":[{"embeddable":true,"href":"https:\/\/ilkercanikligil.me\/index.php\/wp-json\/wp\/v2\/comments?post=3027"}],"version-history":[{"count":10,"href":"https:\/\/ilkercanikligil.me\/index.php\/wp-json\/wp\/v2\/pages\/3027\/revisions"}],"predecessor-version":[{"id":3578,"href":"https:\/\/ilkercanikligil.me\/index.php\/wp-json\/wp\/v2\/pages\/3027\/revisions\/3578"}],"wp:attachment":[{"href":"https:\/\/ilkercanikligil.me\/index.php\/wp-json\/wp\/v2\/media?parent=3027"}],"curies":[{"name":"wp","href":"https:\/\/api.w.org\/{rel}","templated":true}]}}